prime number?
True
Is 182417843 a prime number?
False
Is 311951 a prime number?
True
Is 412400239 a composite number?
False
Is 103651883 prime?
False
Is 243167417 a composite number?
False
Is 37328513 composite?
True
Is 1054457 composite?
False
Is 20930773 prime?
False
Is 904661 a prime number?
True
Is 1513049 a prime number?
True
Is 15884003 composite?
False
Is 22347049 a prime number?
False
Is 354477229 composite?
False
Is 26700071 prime?
True
Is 224060507 a composite number?
True
Is 2821957 composite?
False
Is 38818657 a composite number?
False
Is 18078923 a prime number?
False
Is 90667229 prime?
True
Is 4303869 a composite number?
True
Is 19128217 composite?
False
Is 54483043 a prime number?
True
Is 106210801 composite?
True
Is 150578 a prime number?
False
Is 598853 a composite number?
False
Is 451981583 prime?
True
Is 1586037 a composite number?
True
Is 391037461 a prime number?
False
Is 29415007 prime?
True
Is 5314229 a prime number?
True
Is 13714379 a composite number?
True
Is 3751801 composite?
False
Is 4035259 a composite number?
False
Is 6107601 composite?
True
Is 26937067 prime?
True
Is 2826281 a prime number?
True
Is 15269857 composite?
True
Is 1783931 prime?
False
Is 702512637 a prime number?
False
Is 17907485 composite?
True
Is 237250331 prime?
True
Is 2837561 a prime number?
False
Is 9528223 prime?
True
Is 20053871 a composite number?
False
Is 5535511 a composite number?
False
Is 2553747341 a composite number?
False
Is 43475177 a prime number?
True
Is 73113239 a prime number?
True
Is 645803 a composite number?
False
Is 5736889 a composite number?
True
Is 9045401 composite?
True
Is 11117773 prime?
True
Is 21960574 composite?
True
Is 12877547 prime?
True
Is 30500371 a composite number?
True
Is 1173511 a composite number?
False
Is 4806467 a prime number?
False
Is 267271 a prime number?
True
Is 483671 prime?
True
Is 21421319 composite?
False
Is 108472939 a prime number?
True
Is 6483013 a composite number?
True
Is 279152273 a prime number?
True
Is 88699531 a prime number?
False
Is 106591 a prime number?
True
Is 4567489 prime?
True
Is 51452201 a composite number?
False
Is 177137903 prime?
True
Is 3892939 composite?
False
Is 25202731 a prime number?
True
Is 165911 a prime number?
False
Is 30502697 composite?
True
Is 3571705 composite?
True
Is 12623701 a composite number?
True
Is 2122619 prime?
True
Is 136511861 a composite number?
True
Is 1094911 composite?
False
Is 42169 composite?
False
Is 382366471 prime?
True
Is 2292071 a composite number?
False
Is 52354231 composite?
False
Is 1217677637 composite?
True
Is 1210369 a prime number?
True
Is 25301609 a composite number?
False
Is 25691143 prime?
True
Is 6762797 prime?
True
Is 38503391 composite?
False
Is 17287499 composite?
False
Is 3752951 prime?
False
Is 142349621 prime?
False
Is 223267 a prime number?
False
Is 3000889 a composite number?
True
Is 5049409 composite?
True
Is 5902289 prime?
True
Is 123019459 a prime number?
True
Is 9336661 a composite number?
False
Is 33113069 composite?
True
Is 156811 composite?
True
Is 101207471 prime?
False
Is 426796283 a prime number?
True
Is 8411 a prime number?
False
Is 13343483 composite?
False
Is 72828209 composite?
False
Is 13603847 composite?
False
Is 38584001 composite?
True
Is 40969789 a prime number?
False
Is 33428573 a prime number?
False
Is 15610367 composite?
False
Is 19333187 a composite number?
True
Is 3625961 a composite number?
False
Is 7687313 composite?
True
Is 20716259 composite?
True
Is 21015601 prime?
False
Is 129538361 composite?
False
Is 580762391 prime?
False
Is 568751 prime?
True
Is 5797469 composite?
False
Is 6425207 composite?
False
Is 1272743 prime?
False
Is 56143715 a composite number?
True
Is 99548069 a composite number?
False
Is 1639943 prime?
False
Is 257039 prime?
False
Is 506251 a prime number?
True
Is 191947183 composite?
True
Is 4595119 a composite number?
True
Is 84294757 a prime number?
True
Is 2485963 a composite number?
True
Is 295039331 a prime number?
False
Is 381097 prime?
True
Is 65813114 composite?
True
Is 27446633 prime?
False
Is 1359737 composite?
True
Is 1927129 a composite number?
False
Is 196972331 a composite number?
False
Is 1556837 a prime number?
True
Is 251351 a prime number?
False
Is 7549481 a prime number?
True
Is 481487 a prime number?
False
Is 2033639 a composite number?
False
Is 226741 a composite number?
False
Is 53709317 a prime number?
True
Is 4423603 prime?
True
Is 129729143 a prime number?
True
Is 15316855 a prime number?
False
Is 24587891 a composite number?
True
Is 87775499 a prime number?
False
Is 17373859 a composite number?
True
Is 1387145 a prime number?
False
Is 5329133 a prime number?
False
Is 256831 prime?
True
Is 31212365 a composite number?
True
Is 5834797 composite?
False
Is 893839 prime?
True
Is 10137649 a composite number?
True
Is 3492691 a composite number?
False
Is 2603879 prime?
True
Is 428959 a prime number?
False
Is 11336387 prime?
True
Is 31044931 prime?
True
Is 3207647 prime?
False
Is 4047181 a composite number?
True
Is 3327539 prime?
False
Is 37487335 a prime number?
False
Is 53566429 prime?
False
Is 486602 a composite number?
True
Is 4171598 a composite number?
True
Is 3376043 a composite number?
True
Is 13821503 a prime number?
True
Is 659219 a prime number?
False
Is 16063651 a composite number?
True
Is 25439111 composite?
False
Is 45417641 prime?
True
Is 1645633433 prime?
True
Is 29269657 a composite number?
False
Is 2462443 composite?
False
Is 22394819 a composite number?
False
Is 23717957 a composite number?
False
Is 3466843 prime?
False
Is 6896809 prime?
False
Is 173045341 a composite number?
True
Is 11109767 prime?
True
Is 97369117 prime?
True
Is 10396573 composite?
True
Is 14600057 composite?
True
Is 1413371 composite?
False
Is 5695213 prime?
False
Is 326373409 composite?
False
Is 22156627 prime?
False
Is 32530151 a prime number?
True
Is 12009373 composite?
True
Is 12738419 a prime number?
True
Is 1480393 a composite number?
False
Is 756031 a prime number?
False
Is 7095961 composite?
False
Is 1373591 prime?
True
Is 2541593 a prime number?
True
Is 78281249 prime?
True
Is 22952933 a composite number?
False
Is 1430519 prime?
False
Is 35478727 a prime number?
True
Is 3021037 a prime number?
False
Is 10126591 prime?
True
Is 48000203 prime?
True
Is 301865813 prime?
True
Is 48471571 composite?
False
Is 905327497 prime?
True
Is 6711577 prime?
False
Is 58562443 prime?
True
Is 6898711 a prime number?
False
Is 592332767 prime?
False
Is 12586309 a prime number?
True
Is 141805537 a composite number?
True
Is 134639 a prime number?
True
Is 42770137 prime?
False
Is 21975715 a composite number?
True
Is 2753791 composite?
False
Is 8704993 a prime number?
False
Is 2229719 composite?
True
Is 259321 composite?
False
Is 8906242 prime?
False
Is 5559159 a prime number?
False
Is 1311257 a prime number?
False
Is 98741 prime?
False
Is 82997 a composite number?
False
Is 21591517 composite?
True
Is 25603541 prime?
True
Is 7833326 a prime number?
False
Is 2281361 prime?
True
Is 5368633 a composite number?
False
Is 4242059 prime?
True
Is 5969243 a composite number?
True
Is 58009163 a composite number?
False
Is 1013143 a composite number?
False
Is 349471 a prime number?
True
Is 2089439 a prime number?
False
Is 13200791 a composite number?
False
Is 19706377 prime?
False
Is 863579 composite?
True
Is 443837 composite?
False
Is 24636569 prime?
True
Is 586349 composite?
False
Is 226077499 prime?
True
Is 3302737 prime?
False
Is 1872001 a composite number?
False
Is 172769 a composite number?
True
Is 18195887 a composite number?
True
Is 46155337 a composite number?
False
Is 7804983 composite?
True
Is 93878405 prime?
False
Is 46695811 a composite number?
True
Is 3768199 a composite number?
False
Is 413597 a composite number?
False
Is 2289599 composite?
True
Is 611843419 prime?
False
Is 53250933 composite?
True
Is 429642647 a composite number?
True
Is 4001689 a prime number?
True
Is 14890801 a composite number?
True
Is 7904009 prime?
True
Is 34585991 a prime number?
False
Is 263041241 a prime number?
False
Is 10738561 a composite number?
False
Is 16671539 a prime number?
True
Is 22925821 a prime number?
True
Is 14708294 a prime number?
False
Is 1560061 composite?
True
Is 12989033 a prime numbe